 remainder when 891 is divided by 100.
91
Calculate the remainder when 23511 is divided by 2874.
519
What is the remainder when 169724 is divided by 52?
48
Calculate the remainder when 963 is divided by 50.
13
What is the remainder when 240617 is divided by 106?
103
What is the remainder when 290189 is divided by 32?
13
Calculate the remainder when 2032 is divided by 1002.
28
What is the remainder when 18376 is divided by 2623?
15
Calculate the remainder when 2188 is divided by 1074.
40
Calculate the remainder when 271599 is divided by 3272.
23
What is the remainder when 36669 is divided by 47?
9
Calculate the remainder when 22403 is divided by 72.
11
What is the remainder when 54984 is divided by 94?
88
What is the remainder when 4107044 is divided by 39?
32
Calculate the remainder when 3886 is divided by 61.
43
What is the remainder when 221995 is divided by 50?
45
What is the remainder when 96639 is divided by 241?
239
What is the remainder when 70066 is divided by 35?
31
Calculate the remainder when 23182 is divided by 15.
7
Calculate the remainder when 137605 is divided by 45842.
79
What is the remainder when 46179 is divided by 86?
83
What is the remainder when 18525 is divided by 92?
33
What is the remainder when 17417 is divided by 3482?
7
Calculate the remainder when 33300 is divided by 148.
0
What is the remainder when 282856 is divided by 5546?
10
Calculate the remainder when 2319 is divided by 1669.
650
Calculate the remainder when 392 is divided by 267.
125
What is the remainder when 8618 is divided by 2854?
56
What is the remainder when 53752 is divided by 618?
604
Calculate the remainder when 4707 is divided by 17.
15
What is the remainder when 1414402 is divided by 778?
776
What is the remainder when 321032 is divided by 715?
712
What is the remainder when 34073 is divided by 20?
13
Calculate the remainder when 3868 is divided by 353.
338
What is the remainder when 1666 is divided by 630?
406
Calculate the remainder when 4647 is divided by 1165.
1152
What is the remainder when 1059 is divided by 190?
109
What is the remainder when 102603 is divided by 11400?
3
What is the remainder when 11589 is divided by 67?
65
Calculate the remainder when 100278 is divided by 13.
9
What is the remainder when 481682 is divided by 481668?
14
Calculate the remainder when 25281 is divided by 199.
8
What is the remainder when 197965 is divided by 2276?
2229
What is the remainder when 28442 is divided by 58?
22
What is the remainder when 11559 is divided by 198?
75
Calculate the remainder when 20420 is divided by 5104.
4
Calculate the remainder when 2126 is divided by 61.
52
Calculate the remainder when 1888 is divided by 992.
896
Calculate the remainder when 2125 is divided by 244.
173
What is the remainder when 678050 is divided by 35?
30
What is the remainder when 13858 is divided by 4496?
370
What is the remainder when 2247 is divided by 202?
25
Calculate the remainder when 33656 is divided by 189.
14
What is the remainder when 3871 is divided by 457?
215
Calculate the remainder when 2243 is divided by 23.
12
What is the remainder when 4702877 is divided by 260?
257
What is the remainder when 40637 is divided by 160?
157
Calculate the remainder when 63634 is divided by 2890.
54
Calculate the remainder when 2056 is divided by 607.
235
Calculate the remainder when 48423 is divided by 169.
89
Calculate the remainder when 189 is divided by 144.
45
What is the remainder when 674665 is divided by 112439?
31
Calculate the remainder when 3776 is divided by 3765.
11
Calculate the remainder when 2161 is divided by 172.
97
What is the remainder when 30641 is divided by 1045?
336
What is the remainder when 4900 is divided by 786?
184
What is the remainder when 52017 is divided by 36?
33
What is the remainder when 3446 is divided by 228?
26
Calculate the remainder when 801 is divided by 799.
2
What is the remainder when 326 is divided by 135?
56
What is the remainder when 4586 is divided by 460?
446
What is the remainder when 10079 is divided by 32?
31
Calculate the remainder when 3150 is divided by 200.
150
Calculate the remainder when 7272 is divided by 154.
34
What is the remainder when 286437 is divided by 105?
102
Calculate the remainder when 586136 is divided by 208.
200
Calculate the remainder when 26611 is divided by 469.
347
What is the remainder when 3233 is divided by 422?
279
Calculate the remainder when 15038 is divided by 417.
26
Calculate the remainder when 7056 is divided by 262.
244
Calculate the remainder when 28739 is divided by 12.
11
What is the remainder when 7289 is divided by 276?
113
What is the remainder when 3967 is divided by 21?
19
Calculate the remainder when 14505 is divided by 14436.
69
What is the remainder when 7893 is divided by 161?
4
Calculate the remainder when 96013 is divided by 127.
1
What is the remainder when 77726 is divided by 407?
396
Calculate the remainder when 3209143 is divided by 856.
855
What is the remainder when 4167 is divided by 4050?
117
Calculate the remainder when 341378 is divided by 52.
50
Calculate the remainder when 2056 is divided by 654.
94
What is the remainder when 327977 is divided by 411?
410
What is the remainder when 56807 is divided by 653?
649
Calculate the remainder when 28395 is divided by 9460.
15
Calculate the remainder when 240409 is divided by 70.
29
Calculate the remainder when 4130997 is divided by 1275.
1272
What is the remainder when 5333 is divided by 82?
3
What is the remainder when 25849 is divided by 1034?
1033
What is the remainder when 45826 is divided by 134?
132
What is the remainder when 1725 is divided by 331?
70
What is the remainder when 396479 is divided by 1770?
1769
What is the remainder when 3344 is divided by 425?
369
What is the remainder when 145362 is divided by 989?
968
Calculate the remainder when 3887 is divided by 243.
242
Calculate the remainder when 259390 is divided by 64845.
10
What is the remainder when 12717 is divided by 3157?
89
Calculate the remainder when 13512 is divided by 42.
30
Calculate the remainder when 1227362 is divided by 102.
98
What is the remainder when 74218 is divided by 90?
58
Calculate the remainder when 10824 is divided by 3585.
69
What is the remainder when 176087 is divided by 22?
21
Calculate the remainder when 514 is divided by 75.
64
What is the remainder when 53125 is divided by 9?
7
Calculate the remainder when 61402 is divided by 60.
22
What is the remainder when 4597324 is divided by 25?
24
What is the remainder when 11701 is divided by 92?
17
Calculate the remainder when 9150 is divided by 22.
20
Calculate the remainder when 42867 is divided by 1318.
691
What is the remainder when 3024 is divided by 300?
24
What is the remainder when 13638 is divided by 101?
3
Calculate the remainder when 165 is divided by 58.
49
What is the remainder when 2386 is divided by 778?
52
Calculate the remainder when 9016 is divided by 1323.
1078
Calculate the remainder when 345432 is divided by 57570.
12
What is the remainder when 113942 is divided by 21?
17
Calculate the remainder when 29995 is divided by 7496.
11
What is the remainder when 37478 is divided by 295?
13
What is the remainder when 4741 is divided by 131?
25
Calculate the remainder when 4076316 is divided by 381.
378
Calculate the remainder when 596 is divided by 383.
213
Calculate the remainder when 43588 is divided by 10877.
80
Calculate the remainder when 6320 is divided by 2057.
149
Calculate the remainder when 7523 is divided by 1017.
404
What is the remainder when 951 is divided by 163?
136
What is the remainder when 3843 is divided by 7?
0
Calculate the remainder when 86771 is divided by 90.
11
What is the remainder when 102827 is divided by 12?
11
What is the remainder when 279335 is divided by 412?
411
What is the remainder when 100984 is divided by 8413?
28
Calculate the remainder when 13350 is divided by 835.
825
Calculate the remainder when 365801 is divided by 19.
13
What is the remainder when 64666 is divided by 10763?
88
What is the remainder when 265610 is divided by 118?
110
Calculate the remainder when 408461 is divided by 49.
46
What is the remainder when 822872 is divided by 32?
24
What is the remainder when 20318 is divided by 2256?
14
Calculate 